**2 - 15*i - 2. What is w(4)?
-14
Let r(a) = -a**3 - 7*a**2 - 4*a - 1. What is r(-3)?
-25
Let x(w) = -20*w - 2. Determine x(1).
-22
Let c(b) = 23*b + 1. Determine c(-1).
-22
Let u(q) = -q**2 - 26*q - 27. Give u(-24).
21
Let h(m) = -14*m**3 + m**2 + 4*m - 3. Give h(2).
-103
Let h(v) = -v**3 + 17*v**2 + 16*v. Calculate h(18).
-36
Let v(u) = -u**3 + 7*u**2 + 10*u - 15. Calculate v(8).
1
Let z(o) = o**2 + 16*o + 13. Determine z(-13).
-26
Let i(k) = -10*k + 52. Determine i(8).
-28
Let j(u) = u**3 - 10*u**2 + 11*u - 3. What is j(9)?
15
Let v(c) = -c**2 - c + 5. What is v(0)?
5
Let b(i) = i**2 + 27*i + 137. Calculate b(-20).
-3
Let i(j) = -j**2 + 10*j + 6. Determine i(11).
-5
Let o(m) = -m**2 - 11*m - 26. Give o(-3).
-2
Let q(y) = y**2 - 16*y + 23. What is q(16)?
23
Let l(c) = -2*c**2 - 11*c + 9. Calculate l(-5).
14
Let o(c) = 5*c - 64. Give o(10).
-14
Let u(m) = -m**2 + m + 59. Give u(8).
3
Let p(y) = -11*y - 4. What is p(-1)?
7
Let u(d) = d**3 + 20*d**2 - 22*d - 36. Calculate u(-21).
-15
Let j(r) = r**3 - 8*r**2 + 5*r + 10. Calculate j(8).
50
Let w(p) = -p - 6. Determine w(14).
-20
Let l(g) = -3*g**3 + g**2 - 2*g - 2. What is l(-1)?
4
Let s(m) = 10*m - 19. Calculate s(-3).
-49
Let c(o) = 3*o**2 - 21*o + 3. Calculate c(7).
3
Let i(m) = -m**2 - 8*m - 1. Calculate i(-8).
-1
Let z(d) = d - 3. What is z(-11)?
-14
Let y(q) = q**3 + 18*q**2 - 2*q - 8. What is y(-18)?
28
Let c(r) = 3*r - 23. Determine c(11).
10
Let r(t) = t**3 - 16*t**2 + t - 8. Give r(16).
8
Let t(n) = -n**3 - 12*n**2 + 16*n + 53. Calculate t(-13).
14
Let y(l) = -l**3 + 9*l**2 - l + 17. Calculate y(9).
8
Let z(h) = 4*h**3 - 3*h**2 - 5*h + 2. What is z(3)?
68
Let b(k) = k**2 + 4*k - 9. What is b(-5)?
-4
Let b(g) = -g + 38. Give b(17).
21
Let y(b) = -24*b - 11. Calculate y(-2).
37
Let c(i) = i**3 + 6*i**2 - 6*i + 14. Give c(-6).
50
Let x(n) = -58*n - 2. What is x(1)?
-60
Let h(l) = 3*l + 50. Calculate h(-15).
5
Let t(n) = 15*n + 15. Give t(-10).
-135
Let x(b) = -b**2 + 7*b + 2. Determine x(6).
8
Let c(l) = l**3 - 4*l**2 - 7*l - 10. Calculate c(6).
20
Let r(v) = -6*v**2 + 15*v + 4. Calculate r(3).
-5
Let i(m) = m**2 + 4*m - 55. What is i(-9)?
-10
Let s(t) = t**3 - 5*t**2 - 3*t - 4. What is s(6)?
14
Let f(y) = y**3 - 3*y**2 - 28*y + 60. Calculate f(6).
0
Let t(x) = 2*x. Give t(-4).
-8
Let n(l) = -2*l + 9. Give n(11).
-13
Let p(s) = 3*s**2 + s + 5. Give p(0).
5
Let f(r) = 2*r**2 + 10*r + 10. Calculate f(-8).
58
Let j(y) = -y**3 + 15*y**2 - 17*y + 44. Determine j(14).
2
Let h(s) = s**3 - s + 4. Give h(0).
4
Let q(n) = n**3 + 3*n**2 + 2*n + 12. What is q(-3)?
6
Let o(p) = 4*p - 30. Determine o(9).
6
Let r(v) = v**3 + v**2 + 4*v + 3. Calculate r(-2).
-9
Let y(l) = -l**3 - 4*l**2 - l + 6. Calculate y(-3).
0
Let g(m) = 3*m**2 + 69*m + 27. Determine g(-23).
27
Let s(j) = -j**2 - 17*j + 137. Determine s(-23).
-1
Let t(a) = 2*a**3 - a**2 - 2*a - 1. Give t(2).
7
Let s(l) = 10*l + 442. Determine s(-45).
-8
Let b(c) = 4*c - 1. What is b(11)?
43
Let y(o) = -o**2 + 38*o + 56. Calculate y(36).
128
Let f(c) = c**2 - 8*c + 5. Give f(9).
14
Let y(t) = t**3 - 4*t**2 - 8*t - 5. Determine y(6).
19
Let r(x) = -x**3 + 3*x**2 - 2. What is r(1)?
0
Let b(h) = 13*h + 9. Give b(-8).
-95
Let m(i) = 6*i**3 + i**2 - 2*i - 2. Determine m(-2).
-42
Let i(q) = -q + 6. What is i(-14)?
20
Let l(g) = g**3 - 2*g**2 - 4*g + 5. What is l(3)?
2
Let z(a) = a**3 + 14*a**2 + 43*a - 11. Determine z(-9).
7
Let w(b) = -28*b**3 - b**2 + 20*b + 21. What is w(-1)?
28
Let h(x) = -x**3 + 62*x**2 - 60*x - 70. Determine h(61).
-9
Let c(p) = -p**2 - p + 14. Calculate c(-6).
-16
Let d(r) = -r + 14. What is d(-6)?
20
Let n(y) = 2*y + 19. Calculate n(1).
21
Let c(i) = 5*i**2 + 7*i - 9. What is c(2)?
25
Let j(z) = 52*z + 269. Calculate j(-5).
9
Let z(x) = 2*x - 16. Give z(14).
12
Let f(b) = b**2 + 99*b + 379. Determine f(-4).
-1
Let p(m) = -63*m**3 + 1. Determine p(-1).
64
Let u(i) = i**3 + 10*i**2 + 11*i + 9. Give u(-9).
-9
Let j(d) = -d**2 + 5*d - 57. Calculate j(0).
-57
Let c(t) = 10*t - 61. What is c(7)?
9
Let r(n) = n**3 - 21*n**2 - 43*n - 55. Determine r(23).
14
Let c(s) = s**2 - s - 4. Give c(0).
-4
Let c(r) = -r**2 + 28*r - 187. Determine c(13).
8
Let u(x) = 4*x**3 - x + 5. Determine u(-2).
-25
Let r(i) = -15*i**2 - 1. Calculate r(-1).
-16
Let f(h) = h**3 - h**2 - 3*h + 5. What is f(2)?
3
Let k(j) = j**2 - 31. Determine k(-5).
-6
Let v(u) = 21*u**2 + 103*u + 2. Calculate v(-5).
12
Let s(l) = -l**2 + 8*l - 15. Give s(6).
-3
Let a(o) = o**3 + 12*o**2 + 8. What is a(-12)?
8
Let d(q) = -q**3 - 3*q**2 + 6*q + 7. Calculate d(-3).
-11
Let t(v) = v**3 + v**2 - v. Determine t(-2).
-2
Let r(x) = 2*x**2 + 2*x + 22. Determine r(0).
22
Let f(o) = -o**2 + 8*o - 13. Give f(7).
-6
Let d(s) = -13*s + 2. Calculate d(-2).
28
Let r(l) = -53*l - 1. Give r(-1).
52
Let s(u) = 6*u + 31. Give s(-5).
1
Let h(q) = -q**2 + 26*q + 23. Calculate h(27).
-4
Let d(p) = 8*p + 433. Determine d(-53).
9
Let z(c) = -c**2 - 9*c - 10. Determine z(-8).
-2
Let b(z) = z**3 + 18*z**2 + 18*z + 17. Give b(-17).
0
Let z(u) = 2*u**3 + u**2 - 3*u - 2. What is z(-2)?
-8
Let l(a) = a**3 - 2*a**2 - 6*a - 6. Calculate l(4).
2
Let m(u) = u + 1. Calculate m(3).
4
Let a(d) = -d**2 - 21*d - 46. Give a(-16).
34
Let h(u) = 2*u**3 + 6*u**2 - 7*u. Determine h(-5).
-65
Let r(q) = q**2 - q - 8. Determine r(-4).
12
Let i(s) = 3*s + 6. Give i(-8).
-18
Let c(j) = 6*j + 2. Give c(-3).
-16
Let g(d) = 4*d + 26. Give g(8).
58
Let c(o) = 2*o**2 - 11*o + 4. What is c(7)?
25
Let z(d) = -d - 4. Determine z(-8).
4
Let z(t) = 7*t + 39. Determine z(0).
39
Let v(q) = q**2 + 8*q - 1. What is v(-7)?
-8
Let l(i) = -i + 11. Determine l(3).
8
Let u(p) = -10*p + 70. What is u(8)?
-10
Let s(t) = -2*t**3 - 56*t**2 + t + 28. Determine s(-28).
0
Let v(o) = -26*o - 58. Calculate v(-6).
98
Let s(h) = -6*h - 123. Determine s(-15).
-33
Let u(p) = p**3 + 16. Calculate u(0).
16
Let j(f) = -2*f**2 - 8*f + 6. Calculate j(-6).
-18
Let u(k) = 7*k - 11. What is u(-5)?
-46
Let c(a) = -a**3 - 15*a**2 - 16*a + 19. Determine c(-14).
47
Let l(x) = -x**2 + 8*x + 2. What is l(9)?
-7
Let g(x) = -x**3 + 11*x**2 + 13*x - 8. Determine g(12).
4
Let c(v) = -4*v - 19. Calculate c(-7).
9
Let o(k) = 3*k - 53. What is o(18)?
1
Let d(w) = -w**3 + 14*w**2 - 22*w - 29. Calculate d(12).
-5
Let u(f) = -3*f + 42. Determine u(19).
-15
Let z(p) = -3*p**2 - 4*p - 1. What is z(-3)?
-16
Let o(w) = 11*w - 57. Determine o(5).
-2
Let a(f) = -f**2 + 12*f + 13. What is a(12)?
13
Let j(v) = v - 3. Give j(-15).
-18
Let l(m) = 2*m**2 + 6*m - 1. What is l(4)?
55
Let z(f) = -13*f + 57. What is z(6)?
-21
Let v(h) = h**3 + 17*h**2 + 15*h + 1. Calculate v(-16).
17
Let m(w) = -w**2 + 10*w + 12. Give m(11).
1
Let k(f) = -f**3 + 11*f**2 - 7*f - 1. Determine k(10).
29
Let q(k) = -k**3 - 5*k**2 + 3*k - 4. Calculate q(-4).
-32
Let y(c) = -3*c**3 - 15*c**2 + 13*c - 23. Calculate y(-6).
7
Let m(x) = -2*x**2 + 29*x - 12. What is m(14)?
2
Let k(v) = -v**3 + 2*v**2 + 7*v - 8. Give k(4).
-12
Let k(h) = -h**3 + 6*h**2 + 3*h - 16. Calculate k(6).
2
Let w(c) = c**3 - 7*c**2 + 3*c + 11. Determine w(6).
-7
Let u(x) = -2*x**3 - x**2 + 3*x + 2. What is u(2)?
-12
Let a(t) = -t - 9. Calculate a(13).
-22
Let o(q) = -14*q - 84. Determine o(-7).
14
Let n(i) = i**2 - 6*i - 46. Calculate n(9).
-19
Let f(u) = -114*u + 1023. Calculate f(9).
-3
Let m(b) = -b**3 + 12*b**2 - 9. Calculate m(12).
-9
Let u(y) = -y**3 + 8*y**2 - 7*y + 8. Give u(7).
8
Let q(y) = y**2 - 11*y + 18. Calculate q(2).
0
Let o(p) = -p**3 - 29*p**2 + 97*p + 38. Determine o(-32).
6
Let c(d) = d**2 - 13*d - 8. What is c(11)?
-30
Let h(v) = -2*v**2 + 8*v - 5. Give h(8).
-69
Let k(j) = -14*j**2 - 1. Give k(1).
-15
Let r(m) = 7*m + 387. Determine r(-55).
2
Let x(j) = j**3 - 5*j**2 + 4*j - 5. Calculate x(5).
15
Let p(j) = 4*j - 4. Give p(-1).
-8
Let p(g) = -g**3 - 11*g**2 - 7*g - 25. Determine p(-8).
-161
Let l(s) = -3*s. Determine l(1).
-3
Let c(m) = m**2 - 37*m - 39. Calculate c(37).
-39
Let x(l) = -l**3 - 22*l**2 + 18*l - 105. Calculate x(-23).
10
Let h(w) = w**3 - 21*w**2 + 21*w - 20. Give h(20).
0
Let v(z) = z**2 + 10*z - 73. Give v(-14).
-17
Let q(r) = -r + 4. Determine q(-5).
9
Let k(i) = -i**2 + 3*i + 20. What is k(-4)?
-8
Let o(r) = 5*r - 9. Calculate o(6).
21
Let q(r) = -r**3 - 12*r**2 - 12*r - 14. Give q(-11).
-3
Let w(z) = z**2 -